he first derivative of -l**2/2 + 26*l - 1518. Give f(14).
12
Let q(y) = -y**3 + 17*y**2 + 4*y - 77. Let l(o) = 1195*o + 5992. Let n be l(-5). Determine q(n).
-9
Let h(s) = -11*s**3 + 8*s**2 - 7*s. Let u(x) = -5 - 6*x - 13*x**3 + 5 + 7*x**2. Let q(n) = 6*h(n) - 5*u(n). Calculate q(12).
0
Let q(l) = l**3 - 2*l**2 - 2*l. Let m = 138 - 131. Let a be 56/(-147)*9/12*m. Give q(a).
-12
Let z(q) = q**3 - 22*q**2 + 38*q + 42. Suppose 88 = 5*h + 2*r, h = -45*r + 42*r + 2. Give z(h).
2
Suppose 0*n = -4*n. Suppose 0*j + 3*j - 21 = n. Let x(d) = -d**2 - 3*d. Let r(i) = 6*i**2 + 7*i + 2. Let w(k) = r(k) + 5*x(k). Determine w(j).
-5
Let u(w) = w**3 + 13*w**2 + 8*w - 48. Suppose 5*a = z + 7, 2*z - 4*a = -10 - 10. Calculate u(z).
0
Suppose -49975 = 14*b - 49891. Let u(m) = -m**3 - 7*m**2 + 45. Give u(b).
9
Let x(q) = -2*q + 6 + q - q. Suppose 4*f - 20 = -3*c - 6, c + 17 = 3*f. Give x(f).
-4
Let o(r) = 2*r**2 - 3*r + 1. Let v(g) = 0*g**2 + 0 - 3 + 4 + 3*g**2 - 5*g. Let w(n) = -4*o(n) + 3*v(n). Determine w(-2).
9
Let d(u) be the third derivative of u**4/24 - 8*u**3/3 + 28*u**2. Let t be d(18). Let l(b) = -2 - 3*b**2 + 20*b**2 - 11*b**t - 5*b**2 - 7*b. What is l(6)?
-8
Suppose -27 = y + 8*y. Let k(z) = -4*z - 1 + 4*z - 13 + 8 - 6*z. Give k(y).
12
Let a(q) = -q**3 - 4*q**2 + 2*q + 7. Let r = -76 + 157. Let o(j) = -85 + 159 - j + 0*j + 4*j**2 - r + j**3. Let s(g) = 4*a(g) + 3*o(g). Determine s(-5).
7
Suppose 29*w + 20 = -67. Let q(t) = 0*t**2 + 3*t + t**2 - 5*t**2 + 0*t**2 + 5*t**2. Calculate q(w).
0
Suppose 5*l + 5*a = -420, 0*a + 78 = -l - 3*a. Let z = l + 19. Let i = 73 + z. Let x(v) = v - 3. Calculate x(i).
2
Let h(w) = w**2 - w. Let c(a) = 3*a**3 - a + 1. Let g(q) = 13*q**3 - 13*q**2 - 9*q - 3. Let f(n) = -4*c(n) + g(n). Let i(k) = f(k) + 4*h(k). What is i(10)?
3
Let t(w) be the second derivative of -w**3 + 0 - 107*w + 6*w**2 - 1/12*w**4. Determine t(-7).
5
Let u(p) = -p**3 - 6*p**2 + 9*p + 1. Suppose 9 = -3*q, 3*g + 3*q - 9 = 6*g. Give u(g).
-53
Suppose -2*n + r - 18 = -r, 5*r = -3*n + 37. Let k(z) = -49*z**2 - 5*z - 3. Give k(n).
-47
Let j(p) be the second derivative of -p**3/3 + 9*p**2/2 + 44526*p + 2. Suppose -5*c + s + 25 = -c, -2*c + 15 = -3*s. Let d be (-7 + 0)*c/(-7). Give j(d).
-3
Let h(w) be the third derivative of -w**6/720 - w**5/24 - 7*w**4/24 + w**2. Let a(z) be the second derivative of h(z). Let t = -543 + 536. Give a(t).
2
Let p(f) = -f**3 - 2*f**3 + 2*f**3 - 7*f**2 + 5 - 6*f. Suppose -5*k - 27 = 3*i, -30*i = -4*k - 26*i - 28. What is p(k)?
5
Suppose 16*p + 4760 = 4808. Let x(l) = -21*l - 5. Determine x(p).
-68
Let u(s) be the third derivative of -s**3 - 14*s**2 + 0*s + 0 + 1/6*s**4 + 1/120*s**5. Let b(m) be the first derivative of u(m). Calculate b(-4).
0
Suppose 0 = -k - 2*l + 9, -6*l + 2*l = -k - 3. Let m be (k*(0 + -1) + 5)/2. Let v(j) = j + 12. What is v(m)?
12
Let t(q) = -14*q + 3. Let a(g) = 407*g - 88. Suppose 3*h + 3*b = 279, -3*h - 5*b + 0*b = -289. Let c = -833 + 836. Let f(k) = c*a(k) + h*t(k). Give f(1).
-11
Suppose -3*v = 2*g + 40, 429*v = -4*g + 425*v - 68. Let q(k) = -k**2 + 3*k + 153. What is q(g)?
-1
Let s(j) be the first derivative of j**3/3 + 5*j**2/2 - 3*j + 1. Suppose -u = -4*u - 4*l + 72, 0 = 2*l. Suppose u*y - 23*y = -7. Calculate s(y).
11
Let n(f) = f**2 - 7*f + 6. Let z = 5 - 0. Suppose -w - 5 + 4 = 0, 0 = z*d - 5*w - 150. Suppose k - 1 - d = 5*s, 5*s + 25 = 0. Determine n(k).
-4
Let b(y) = 2*y**3 - 82*y**2 + 137*y - 233. Let i(h) = -h**3 + 41*h**2 - 70*h + 117. Let r(x) = -9*b(x) - 17*i(x). Determine r(40).
-12
Let r be 1/9 - 6/54. Suppose -u - g + 3 = r, 18 = 5*u + g + 3*g. Let d(a) = -2 - 1 - a + 4. What is d(u)?
-5
Let r(o) be the third derivative of -5*o**4/4 - 4*o**3/3 - 1334*o**2. Give r(3).
-98
Let l = 1 + -1. Let y be (-26)/(-12) + 32/(-192). Let o(j) = -9 + l*j + j**y + 2 + j + 3*j. Calculate o(-6).
5
Let y(b) be the second derivative of 3*b**5/20 - 2*b**4/3 - b**3/3 - 11*b**2/2 + 405*b + 5. Give y(4).
45
Let v be 6*(12 + (-195)/18). Let h(m) = 5*m**2 - 32*m - 13. Give h(v).
8
Let u(k) = -k - 4. Let x be u(-9). Suppose j + x*j = 7*j. Suppose 3*l + 3*z - 17 - 13 = j, -2*l = 5*z - 32. Let v(w) = w**2 - 5*w + 4. What is v(l)?
10
Let g(k) = -97*k - 5 + 203*k - 105*k. Suppose -4*f - 2*t = -8, 0 = f - 0*f - 4*t - 11. What is g(f)?
-2
Let w(c) = c**2 + 6*c + 4. Let q(s) = 6*s - 28. Let a be q(6). Suppose 0 = 4*v - b - 32, 3*b - 55 = -5*v + a*b. Suppose -2*j = 15 - v. Determine w(j).
-4
Let s(g) = g**3 - 5*g**2 - g + 5. Let k(z) = -3*z**3 + 15*z**2 + 4*z - 15. Let o(i) = 2*k(i) + 7*s(i). Suppose -6*h - 5 + 35 = 0. Give o(h).
10
Suppose 86 = -3*y + 146. Let a(g) = -2*g**3 + 8*g**2 + y + 7*g**2 - g - 2*g**3 + 6*g**3 - 3*g**3. What is a(15)?
5
Suppose 6*h - 5*h - 6 = q, 4*q + 4 = 0. Let u(l) = 8 - 25 + l**3 + h*l + 18 + 5*l**2. Determine u(-4).
-3
Let x(y) be the second derivative of 1/20*y**5 - 1/3*y**3 - 1 - 5/12*y**4 - 64*y + 5/2*y**2. What is x(5)?
-5
Let c(r) be the second derivative of -2*r**3/3 + 2*r**2 - 34*r. Let s = -31 - -21. Let g = s + 13. Calculate c(g).
-8
Let t(p) = -4913641 + 4913641 - 5*p**2 + 7*p**2 - 122*p. Calculate t(61).
0
Let i(a) be the second derivative of a**3/2 + 2*a**2 - a. Let r(c) = -c**2 + 5151*c - 224700. Let w be r(44). Calculate i(w).
28
Suppose 62*m + 6*m + 1371 = 283. Let g(q) = -13*q - 38. Determine g(m).
170
Let x(k) be the second derivative of 3*k**3/2 - 2*k**2 - 2*k - 13. Suppose 22 - 37 = 5*j. What is x(j)?
-31
Let n(q) = 3*q + 8269 - 2*q**2 + 0*q**2 - 8268. Determine n(-3).
-26
Let v(o) be the first derivative of o**4/4 - 5*o**3/3 + 3*o**2/2 + 2*o + 61. Let f(d) = -2*d**3 + 9*d**2 - 5*d - 3. Let z(g) = -2*f(g) - 5*v(g). Give z(6).
2
Let h(x) be the third derivative of x**5/60 + 7*x**4/8 + 35*x**3/3 + 162*x**2 + 2*x + 2. Give h(-5).
-10
Let s(k) be the third derivative of -k**5/60 + k**4/6 + 2*k**3/3 + 75*k**2. Suppose 182*q - 30 = 192*q. Give s(q).
-17
Let m = -419 - -466. Let p(o) = 47 + m - o**2 - 85 - 4*o. Calculate p(-9).
-36
Suppose -181*u = 884 + 2012. Let v(z) = -z**3 - 13*z**2 + 49*z + 12. Determine v(u).
-4
Let z(x) = 49*x**2 - 2*x + 1. Let q be (-1 + 2/3)/(33 - 2940/90). Calculate z(q).
52
Let h(x) = 3*x**2 - 3*x + 3. Suppose -3*u + 118 = s, 2*u + u - 3*s = 126. Let f be ((-6)/4)/((-15)/u). Suppose 14*g = 16*g - f. Give h(g).
9
Let t = -1825 + 1827. Let z(d) be the first derivative of 3*d**t - 1/3*d**3 - 2*d + 18. Calculate z(5).
3
Suppose -50 = -3*m - 7*m. Suppose l + 24 = -l - m*h, -4*h - 43 = 5*l. Let k(c) = 4*c + 4 + 9 - 4. Calculate k(l).
-19
Let i(f) be the second derivative of -105*f - 3/2*f**3 + 0 - 3/2*f**2. Determine i(3).
-30
Let x(w) = 2*w**3 + w**2 + w - 1. Let q(s) = -13*s**3 - 5*s + 11 + 71*s**2 - 71*s**2 - 3. Let v(n) = q(n) + 6*x(n). Determine v(6).
8
Let x(z) = -245*z + 2 + 5 + 2*z**2 + 263*z - 9. Calculate x(-9).
-2
Let w(o) = -58*o**3 - 66*o**3 + 5 + 125*o**3 - 4*o + 8*o - 3*o + 2 + o**2. Suppose -5 = 4*p - 13. Suppose -p*y = y. What is w(y)?
7
Let f(u) = u - 4. Let z be 116/10 - (-18)/45. Let i be (-18 + z)/(6/(-28)). Suppose 5*y = 10, 0*y + i = 4*r - 4*y. Calculate f(r).
5
Suppose -6 = 2*y + 4*k + 8, k + 17 = 4*y. Let z(x) = -4*x**2 - 19*x - 4 - 17*x**3 + 18*x**y + 22*x. Determine z(3).
-4
Let a(g) be the second derivative of -g**3/3 - 2*g**2 + 134*g + 1. Let q be 7 + -10 - 6/2. Give a(q).
8
Let z(i) = i**2 - 17*i + 69. Suppose 4*d + 2*j + 6 = 24, 4*d + j = 21. What is z(d)?
3
Let k(f) = -2475*f + 14869. Let r be k(6). Let j(u) = -u**2 + 44*u - 470. Calculate j(r).
5
Let h(c) = c**2 + 2*c + 1. Let g(j) = j**3 + 6*j**2 + 6*j + 7. Let y be g(-5). Suppose 34*w = 69 - 35. Let f be (-1 - y)/(1/(-1)) - w. Give h(f).
9
Let g be 10/(-3)*3*(-4)/5. Suppose -16*q = -g*q + 80. Let k(u) = -u - 5. What is k(q)?
5
Let a(i) = -3*i - 12. Let j(q) = 24*q + 95. Let y(w) = -25*a(w) - 3*j(w). What is y(0)?
15
Suppose -l - 6*q + 4*q = -8, -4*l = -5*q - 19. Suppose l*m - 28 = 86. Let v(b) = 2 + 5*b - 10*b**2 + m*b**2 - 11*b**2. Give v(5).
-23
Let c be (-1)/((-4 + -1)/10)*1. Let a(n) = c + 4 + 2 + 4 + n. Give a(0).
12
Suppose 4*b - 12 = 2*g, 498*b - g + 36 = 503*b. Let r(p) = -p**2 + 9*p + 12. Calculate r(b).
30
Let s = -33 + 29. Let q = 6 + s. Let m(t) = -5 - t**q + 2 - 4*t + 6 - 6. Give m(-3).
0
Let x(z) = z**2 + 31*z + 132. Let v be ((-2)/(-8))/(17/(-340)). What 